*q - 4. What is f(-2)?
-62
Let u(g) = -g**3 + 4*g**2 + g + 1. Determine u(2).
11
Let u(f) = f - 3. Determine u(6).
3
Let i(v) = 4*v - 2. Determine i(-2).
-10
Let v(l) = -2*l**2 + 49*l + 22. What is v(25)?
-3
Let l(h) = h**3 - 6*h**2 - 16*h + 2. Give l(8).
2
Let u(x) = -x**3 - 10*x**2 - 12*x - 29. Determine u(-9).
-2
Let s(r) = r**3 - 4*r**2 - 3*r + 4. Determine s(5).
14
Let u(t) = -t**2 - 13*t - 20. Determine u(-10).
10
Let q(u) = -12*u**2 + u - 1. What is q(1)?
-12
Let q(k) = -k**3 + k**2 - k + 2. Give q(0).
2
Let h(w) = w**3 + w**2 - 4*w. Give h(3).
24
Let h(n) = -n**3 - 2*n**2 - 5*n - 8. Determine h(-3).
16
Let c(l) = -10*l - 37. Give c(-16).
123
Let c(q) = -q**2 - 29*q + 153. What is c(-33)?
21
Let o(f) = -f**3 + 16*f**2 - 17*f + 47. Calculate o(15).
17
Let b(y) = 2*y**2 + y - 7. Determine b(-3).
8
Let h(o) = o**2 + 8*o - 9. Calculate h(-8).
-9
Let y(n) = -10*n + 10. Calculate y(12).
-110
Let f(w) = w**3 + 2*w**2 - w + 4. Determine f(3).
46
Let r(j) = j**2 + 3*j + 7. What is r(-2)?
5
Let k(r) = 3*r + 60. What is k(-3)?
51
Let m(y) = -y**2 - 7*y. Calculate m(-8).
-8
Let v(w) = 7*w + 24. What is v(-2)?
10
Let h(l) = 15*l - 131. Give h(8).
-11
Let f(d) = -d**2 + 3*d - 1. What is f(5)?
-11
Let z(w) = -5*w + 3. Calculate z(-6).
33
Let g(x) = 8*x + 10. Give g(-3).
-14
Let d(m) = 9*m - 18. Calculate d(4).
18
Let r(f) = f - 3. Calculate r(8).
5
Let k(g) = g**2 + 7*g + 3. Determine k(-7).
3
Let c(t) = 7*t**2 + 3*t - 2. What is c(1)?
8
Let d(s) = 36*s**3 - s - 1. Determine d(-1).
-36
Let g(a) = -a**3 - 14*a**2 - 12*a + 23. Give g(-13).
10
Let s(c) = 29*c - 274. Give s(9).
-13
Let g(r) = r + 13. Determine g(0).
13
Let n(h) = h**3 + 2*h**2 - 9*h - 2. Determine n(-5).
-32
Let z(t) = -t**2 - 4*t + 29. What is z(-12)?
-67
Let l(c) = -c**3 - 3*c**2 + c - 7. What is l(-4)?
5
Let b(m) = m**3 - 6*m**2 + 7*m - 5. Determine b(5).
5
Let b(t) = -t**3 + 6*t**2 - t - 10. Determine b(6).
-16
Let t(b) = -b**3 - 23*b**2 - 42*b + 4. Give t(-21).
4
Let k(a) = a**3 + 39*a**2 + 75*a + 4. Determine k(-37).
-33
Let z(r) = -7*r + 4. Calculate z(5).
-31
Let s(i) = -i**2 + 6*i + 93. What is s(-8)?
-19
Let p(m) = -5*m - 8. Give p(-3).
7
Let b(p) = 2*p - 13. Determine b(8).
3
Let m(t) = t**2 - 15*t - 58. What is m(18)?
-4
Let x(k) = -k**3 + 7*k**2 + 7*k - 4. Calculate x(8).
-12
Let l(o) = -o**3 - 5*o**2 + o - 7. Give l(-6).
23
Let x(q) = q**3 - 11*q**2 + 14*q - 5. Determine x(9).
-41
Let w(g) = -g**2 + 32*g - 267. Determine w(14).
-15
Let n(f) = -2*f**3 + 9*f**2 + 13*f - 6. Calculate n(5).
34
Let a(l) = -l**3 - 15*l**2 + 14*l - 25. Determine a(-16).
7
Let o(c) = -2*c - 18. Calculate o(-10).
2
Let n(l) = -l**2 + 4. Give n(0).
4
Let i(n) = n**2 - 9*n - 6. Determine i(9).
-6
Let h(y) = 2*y + 24. What is h(-5)?
14
Let n(u) = 12*u - 9. Give n(3).
27
Let c(d) = -7*d + 56. Determine c(9).
-7
Let v(z) = -6*z - 3. Give v(-10).
57
Let t(n) = n**2 + 13*n + 25. Determine t(-13).
25
Let f(h) = -h**2 - 10*h + 11. Give f(-9).
20
Let j(h) = -h**2 - 3*h - 2. Determine j(-5).
-12
Let p(b) = -2*b**2 + 2*b + 9. Calculate p(4).
-15
Let p(o) = -o**3 + 4*o**2 + o + 7. What is p(5)?
-13
Let j(w) = -w**3 - 4*w**2 + 3*w + 7. Determine j(-3).
-11
Let g(m) = -2*m - 34. Give g(-20).
6
Let o(k) = -2*k - 26. What is o(-9)?
-8
Let m(j) = j**2 - 14*j - 41. Determine m(16).
-9
Let r(c) = c**2 - 9*c - 11. What is r(0)?
-11
Let l(c) = 9*c + 2. Calculate l(-1).
-7
Let w(x) = -x - 9. Determine w(-2).
-7
Let b(w) = 7*w + 8. Determine b(-7).
-41
Let k(p) = -p - 4. Give k(-18).
14
Let h(b) = b**2 + 13*b - 97. What is h(5)?
-7
Let b(k) = -8*k**3 + 8*k**2 + 10*k + 1. Give b(-1).
7
Let c(m) = -m**2 + 2*m - 6. Determine c(3).
-9
Let g(a) = -6*a - 15. Calculate g(-7).
27
Let f(v) = -v**2 - 22*v - 106. Give f(-10).
14
Let l(t) = t**3 + 20*t**2 - t - 14. Give l(-20).
6
Let q(m) = 3*m. Give q(-3).
-9
Let t(d) = 2*d**3 + 13*d**2 + 7*d + 13. Calculate t(-6).
7
Let v(b) = 22*b + 13. Calculate v(-2).
-31
Let l(p) = p - 39. What is l(23)?
-16
Let m(s) = s**2 - 4*s - 4. Calculate m(7).
17
Let x(w) = -w + 11. What is x(12)?
-1
Let h(x) = 13*x**3 + 71*x**2 - 43*x - 1. Give h(-6).
5
Let a(x) = -x**3 - x**2 + 10*x + 8. What is a(-4)?
16
Let a(g) = -g**3 - 14*g**2 - 4*g + 13. Give a(-14).
69
Let r(d) = d**3 - 18*d**2 + 14*d + 29. Calculate r(17).
-22
Let r(t) = t - 11. Determine r(0).
-11
Let g(w) = -w**3 - 5*w**2 + 4*w + 8. Determine g(-6).
20
Let y(c) = c**3 - 9*c**2 - 11*c - 11. Determine y(10).
-21
Let k(h) = -2*h**2 + 41*h - 95. Calculate k(18).
-5
Let j(k) = -5*k + 68. Calculate j(12).
8
Let x(y) = y**3 + 8*y**2 - 11*y - 11. Calculate x(-9).
7
Let j(a) = a**3 - 5*a**2 - 6*a + 7. Give j(6).
7
Let o(g) = -g + 10. Determine o(5).
5
Let j(y) = -6*y - 102. Determine j(-17).
0
Let q(m) = -m**3 + 65*m**2 + 4*m - 254. Calculate q(65).
6
Let o(v) = v**2 - 20*v - 4. Calculate o(20).
-4
Let g(r) = -144*r - 154. Give g(-1).
-10
Let t(u) = 37*u + 91. Determine t(-5).
-94
Let j(y) = 10*y**2 + 4*y - 3. Calculate j(2).
45
Let t(h) = 6*h - 4. Calculate t(-6).
-40
Let i(k) = -k - 3. What is i(-7)?
4
Let c(m) = -4*m**2 - 7*m + 39. Give c(-4).
3
Let v(f) = 3*f + 3. Give v(4).
15
Let u(t) = 2*t**2 + t + 21. Determine u(6).
99
Let x(i) = -i**2 + 7*i - 9. What is x(5)?
1
Let m(b) = -b**3 - 19*b**2 + 18*b - 39. What is m(-20)?
1
Let r(y) = 12*y + 289. Determine r(-23).
13
Let t(q) = 15*q + 44. Determine t(-12).
-136
Let k(r) = 2*r**2 - 14*r + 1. Determine k(10).
61
Let g(a) = 3*a. What is g(0)?
0
Let p(f) = -f**2 + 11*f + 16. Give p(9).
34
Let l(p) = p**2 + 9*p - 26. Give l(3).
10
Let f(m) = m**2 + 17*m + 32. Give f(-12).
-28
Let s(u) = -u**3 + 13*u**2 - 6*u + 13. Calculate s(12).
85
Let w(r) = 53*r - 200. Calculate w(4).
12
Let q(c) = -c**3 - 15*c**2 - 14*c - 13. What is q(-14)?
-13
Let g(t) = t**2 + 13*t - 24. What is g(-11)?
-46
Let v(t) = 2*t**2 - 5*t - 19. Give v(-6).
83
Let p(m) = -m**3 + 7*m**2 + 1. Determine p(6).
37
Let o(x) = 7*x**2 - 21*x - 2. What is o(3)?
-2
Let g(l) = -10*l**2 + 11*l + 12. Determine g(2).
-6
Let l(m) = -7*m**3 + m. Determine l(-1).
6
Let k(c) = -c + 29. Determine k(0).
29
Let k(t) = -130*t - 518. What is k(-4)?
2
Let g(m) = -3*m - 2. Give g(-2).
4
Let k(w) = -6*w. Determine k(-4).
24
Let l(n) = n**2 - 6*n - 11. What is l(7)?
-4
Let k(z) = 21*z - 911. What is k(43)?
-8
Let v(s) = 8*s + 29. Determine v(-7).
-27
Let f(t) = t**3 + 7*t**2 - 9*t - 9. Determine f(-8).
-1
Let v(h) = -2*h**3 - 16*h**2 - 11*h + 16. Give v(-7).
-5
Let h(v) = 7*v + 80. Give h(-13).
-11
Let y(v) = 18*v - 1. Determine y(2).
35
Let g(w) = -w**3 + w**2 - 4*w - 3. What is g(-2)?
17
Let h(p) = p**3 - 3*p**2 - 17*p - 10. Determine h(6).
-4
Let o(a) = -2*a**2 + a - 2. Give o(-5).
-57
Let t(h) = -26*h + 14. Calculate t(1).
-12
Let t(p) = -4*p + 3. Determine t(-8).
35
Let v(f) = -17*f**3 + f**2 + 2*f + 1. Give v(-1).
17
Let y(r) = r**2 - 9*r - 139. Give y(17).
-3
Let v(p) = 2*p**2 - 32*p + 34. Calculate v(17).
68
Let f(k) = -k**3 + 21*k**2 - 21*k + 47. Determine f(20).
27
Let n(f) = f**3 - 3*f**2 + 2*f - 42. Determine n(5).
18
Let f(w) = -w - 16. Determine f(-7).
-9
Let z(q) = -2*q**3 - 4*q**2 - 2*q + 1. Give z(-2).
5
Let f(v) = -2*v**3 + 5*v**2 + 2*v. Give f(4).
-40
Let o(x) = -2*x**3 + 37*x**2 - 50*x - 25. What is o(17)?
-8
Let a(j) = 9*j - 5. What is a(-3)?
-32
Let w(v) = v**3 - 9*v**2 - 12*v - 9. Determine w(10).
-29
Let o(i) = 4*i - 6. What is o(3)?
6
Let y(w) = w**3 + 3*w**2 - 6*w + 4. Calculate y(4).
92
Let u(a) = -2*a - 9. Give u(-6).
3
Let v(y) = 10*y**3 + y**2 + 4*y + 3. Determine v(-1).
-10
Let s(c) = c**2 + 16*c + 22. What is s(-14)?
-6
Let o(n) = -21*n - 1. Determine o(-4).
83
Let u(p) = -p**3 + p**2 + 6*p + 4. Give u(0).
4
Let b(s) = -s**2 + 19*s + 14. What is b(17)?
48
Let i(t) = t - 2. Give i(4).
2
Let a(s) = -s**2 + 14*s + 14. Calculate a(15).
-1
Let o(y) = 22*y - 1. Determine o(-2).
-45
Let o(d) = -9*d**2 + d + 4. What is o(2)?
-30
Let z(g) = -g**2 + 16*g + 43. Calculate z(20).
-37
Let k(b) = -3*b - 17. Give k(6).
-35
Let s(l) = -l**2 + 54*l - 211. Give s(50).
-11
Let s(q) = 18*q + 2. Determine s(2).
38
Let q(o) = 2*o**2 + 7*o - 85. Calculate q(5).
0
Let o(p) = p**3 - 12*p**2 + 11*p - 18. What is o(11)?
-18
Let l(d) = d**3 - 2*d**2 + 11*d + 8. Determine l(0).
8
Let c(y) = y**2 + 3*y + 6. Give c(-4).
10
Let j(l) = 7*l**2 - l + 2. Give j(2).